8. Let p = u - -48. What are the prime factors of p?
2, 3
Let n(j) = -j**2 - 9*j + 3. List the prime factors of n(-8).
11
Suppose 0*z + 3*z - 33 = -3*a, 0 = 3*a + 4*z - 31. List the prime factors of a.
13
Suppose -22*n - 230 = -24*n. What are the prime factors of n?
5, 23
Let x = -34 + 48. Suppose 0*n + x = n. What are the prime factors of n?
2, 7
Let g = -4 - -16. List the prime factors of (g/10)/(1/5).
2, 3
Let x = 16 - -47. Suppose -5*f = -17 - x. Let r = -8 + f. What are the prime factors of r?
2
Let k(q) = 16*q - 1. Let z be k(1). Suppose b + 4*x - 45 = 15, -5*x + z = 0. What are the prime factors of b?
2, 3
Suppose 18 = -2*v + 74. Suppose l - 2 = -0*l. Suppose 0 = 2*u + l*u - v. What are the prime factors of u?
7
Let n = -268 - -521. List the prime factors of n.
11, 23
Let b be (-1)/(-3) + 24/9. Suppose 0 = 4*q + 4*o - 20, b*o = -5*q + 17. Suppose -15 = -2*v + q. What are the prime factors of v?
2
Suppose 5*g - 100 = -5*d, 0 = -3*g + 5*d + 54 + 46. Suppose 0 = j - x - g, -3*j + x + 80 = -3*x. What are the prime factors of j?
2, 5
Let m be 3 - (-2)/(-2) - 2. Suppose m*a - 3*a = -2*s + 10, -10 = -5*a - 2*s. Suppose 9 + a = 3*u. What are the prime factors of u?
3
Let l be (-9)/(-2) + 2/4. Suppose -3*n + 4*g = -29 + 203, -l*g = 2*n + 93. What are the prime factors of n/(-4) - 1/(-2)?
2, 7
Let v = 908 + -645. List the prime factors of v.
263
Let a(z) = -z + 179. Let d be a(0). Suppose 4*f - s = d, f = 3*s + 2*s + 21. What are the prime factors of f?
2, 23
Let b(g) = 10*g**2 - 3*g + 3. List the prime factors of b(2).
37
Let s = -1 - -6. Let q(d) be the first derivative of d**4/4 - 4*d**3/3 - 5*d**2/2 + 5*d - 1. What are the prime factors of q(s)?
5
Let w be ((-32)/40)/((-2)/160). Suppose 0 = -2*d - 0*d + w. List the prime factors of d.
2
Let s(g) be the third derivative of -5*g**4/12 - g**3/3 - 2*g**2. Let b be s(-2). List the prime factors of b/(-63) - 51/(-7).
7
What are the prime factors of -4*(-4)/(-4) + 77?
73
Let a(z) = -6*z - 9. Let i be a(4). Let f = -14 - i. List the prime factors of f.
19
Suppose 9*l - 178 = 74. List the prime factors of l.
2, 7
Suppose -2*t + 5*t - 42 = 0. What are the prime factors of t?
2, 7
Let i = -21 - -40. List the prime factors of i.
19
Let q = 204 + -20. List the prime factors of q.
2, 23
Suppose q - 660 = -9*q. What are the prime factors of q?
2, 3, 11
Let z(c) = c**3 - c. Let h be z(0). Suppose -4*u + 20 = -h*u. What are the prime factors of u?
5
Suppose 5*d - 1575 = -3*a, -4*d - 5*a + 293 = -3*d. List the prime factors of d.
2, 3, 53
Let x = -12 - -60. What are the prime factors of x?
2, 3
Let s = -355 + 504. List the prime factors of s.
149
Let c(y) = y**2 + 10*y - 16. Let i(g) = g**2 - 12*g + 20. Let l be i(8). List the prime factors of c(l).
2
Let i = 4 + -6. Let v = i - 2. Let n = 0 - v. List the prime factors of n.
2
Let q = -275 + 529. What are the prime factors of q?
2, 127
Let k = 33 + -20. Suppose x - k = -0*x. List the prime factors of x.
13
Let r be 4*6/(-8)*-1. Suppose 0 = -2*w + r - 1. Suppose p + w = 7. List the prime factors of p.
2, 3
Let l be 264/15 - 2/(-5). Let v = l + -6. List the prime factors of v.
2, 3
Let z = 12 - 8. Suppose -z*d - 5*l = -72, 0 = d - 4*l + 2*l - 5. What are the prime factors of d?
13
Suppose 5*o + 4 + 1 = 0. Let d(l) = -2*l**3 + l**2. Let u be d(o). Suppose -2*q = u*q + 2*f - 14, 4*q - 10 = -f. What are the prime factors of q?
2
Let q(n) = 12*n**3 + 6*n**2 - 6*n + 6. Let o(x) = -12*x**3 - 5*x**2 + 5*x - 5. Let y(b) = -5*o(b) - 4*q(b). What are the prime factors of y(1)?
13
Suppose -2 - 4 = -2*c. Suppose -c*f = 5*n - 27, -3*n + 4*f = -3 + 10. List the prime factors of n.
3
Let i(u) be the third derivative of 0 - 5/24*u**4 - 2*u**2 + u**3 + 0*u - 1/60*u**5. What are the prime factors of i(-5)?
2, 3
Suppose 3*s = -2*i - 0*i + 277, 172 = 2*s - 5*i. What are the prime factors of s?
7, 13
Suppose 2*q + 2*q = 140. What are the prime factors of q?
5, 7
Let u(g) = -g**3 - 8*g**2 - g - 3. Let k(n) = 5*n**3 + 32*n**2 + 5*n + 13. Let v(r) = 2*k(r) + 9*u(r). Let j = 21 - 13. List the prime factors of v(j).
7
What are the prime factors of 2/(-8) - (-109)/4?
3
Let m = 111 - 34. List the prime factors of m.
7, 11
Let d = 42 + -37. What are the prime factors of d?
5
Let z = 0 + 5. Suppose z*f + 0*f = 40. Let w(j) = j + 1. What are the prime factors of w(f)?
3
Let g(s) be the first derivative of -3*s**2/2 - s + 3. What are the prime factors of g(-3)?
2
Let z(y) be the second derivative of y**6/720 + y**5/10 - y**4/12 - 2*y. Let m(d) be the third derivative of z(d). List the prime factors of m(0).
2, 3
Suppose 4*p + l = 5*l + 88, -3*p + 73 = 4*l. List the prime factors of p.
23
Let v = 5 - 0. Suppose -v*n - 28 = 17. What are the prime factors of 16/(-72) + (-191)/n?
3, 7
Let g(s) = s**3 - 5*s**2 - 5*s + 5. Let f be 5*-1*(-24)/20. List the prime factors of g(f).
11
Suppose -3*w + 6 = -w. Suppose -w*c - 3 = -b + c, 32 = 5*b - 3*c. Let l(s) = s + 5. What are the prime factors of l(b)?
2, 3
Suppose 0 = -3*n - 3*x - 18, 5*n - 4*x + 3*x + 30 = 0. Let l be (22/(-6) - -1)*n. Suppose 3*w = -w + l. What are the prime factors of w?
2
Let t be (3/5)/(1/(-5)). Let h be 4/8 - t/2. Suppose h*y = 7*y - 10. What are the prime factors of y?
2
Suppose -m = -5*u + 135, -3*u + 119 = u - 3*m. List the prime factors of u.
2, 13
Suppose -7*v - 145 = -12*v + 5*p, v = 2*p + 27. What are the prime factors of v?
31
Let p = 39 + -14. Suppose 0*w - 5*w - p = 0. Let o = 16 + w. List the prime factors of o.
11
Let s(x) = 3*x**3 - 3*x**2 + 7*x + 6. Let b(j) = 2*j**3 - 2*j**2 + 6*j + 5. Let y(l) = 5*b(l) - 4*s(l). List the prime factors of y(-1).
3
Suppose -3*l + 5*c - 24 = 0, 5*c - 3*c - 6 = 0. List the prime factors of l/(-6)*44 + 0.
2, 11
Let x(p) = -11*p + 6. Let q be x(-6). Suppose q = -5*s + 27. Let k = s - -19. What are the prime factors of k?
2, 5
Suppose 0 = -f + 6 + 1. List the prime factors of (-12)/(-7) + 2/f.
2
Suppose -6*x + 10 = -x. Let t(z) = 2*z**2 + 2*z - 3. Let a be t(2). Let c = a - x. What are the prime factors of c?
7
Suppose -20*y + 756 = -16*y. What are the prime factors of y?
3, 7
Let m = 38 - 53. Let f = m - -40. List the prime factors of f.
5
Let q be ((-8)/(-20))/(1/15). Let l(a) = -q + 3 + 1 + 7*a. List the prime factors of l(2).
2, 3
Suppose 2*y = y + 2. Suppose -h - 1 = 4*g, y*g - 3*g = 2*h - 5. List the prime factors of g + (-3)/(-1)*3.
2
Let r = -52 + 153. What are the prime factors of r?
101
Let o(y) = -y - 3. Let n be o(-6). Suppose -b + 7 = -c, -8 = -n*b + b - c. What are the prime factors of b?
5
Let x(i) = i**2 - 7*i + 12. List the prime factors of x(-5).
2, 3
Let d(m) = m + 1. Let p be d(6). Suppose -3*j = -p*j - 120. Let v = j + 42. List the prime factors of v.
2, 3
Let b(t) = -t - 2. Let u be b(7). Let x = -5 - u. What are the prime factors of x?
2
Suppose -8*n + 3*n = -20. Suppose -3*a + 19 = -n*z, 2*a + 2*a - 25 = 5*z. Let d = 15 - a. What are the prime factors of d?
2, 5
Let b(a) = 2*a**2 - 3*a - 4. Let w be b(3). Suppose 0*t = w*t - 30. List the prime factors of t.
2, 3
What are the prime factors of (-28)/3*13/(78/(-189))?
2, 3, 7
What are the prime factors of ((-13)/(13/90))/(-1)?
2, 3, 5
Let j(f) = 3*f + 3. Let z(i) = -4*i - 3. Let p(a) = -5*j(a) - 4*z(a). Let m be p(-5). List the prime factors of ((-3)/2 - 0)*m.
2, 3
Let r = 2 + 0. Let b be (6/3)/(r/(-14)). Let d = -6 - b. List the prime factors of d.
2
Suppose -3*l = g - 46, 5*l - 2*l = -4*g + 148. What are the prime factors of g?
2, 17
Let g(l) = 2*l**3 - 8*l + 1. What are the prime factors of g(5)?
211
What are the prime factors of 1 - (1 + -3) - -19?
2, 11
Let h = -30 - -12. What are the prime factors of (h/10)/((-2)/10)?
3
Let k = 9 + -2. Suppose 27 - k = 2*s. What are the prime factors of s?
2, 5
Suppose 0 = 3*t + 2*t. Let y(c) = c + 37. What are the prime factors of y(t)?
37
Suppose 8*f = 19*f - 2640. List the prime factors of f.
2, 3, 5
Let v(d) = -d**2 + 2. Let k be v(-4). Let a be (-6)/12*k/(-1). Let b(p) = p**2 + 3*p - 7. What are the prime factors of b(a)?
3, 7
List the prime factors of 28/(-42)*-9*10.
2, 3, 5
Suppose 2*i = 5*i - 9. Let v be 60/18 - 2/(-3). Suppose -5*l - 12 = -v*w + 27, -i*w + 5*l = -33. List the prime factors of w.
2, 3
Suppose 0 = 5*k - 46 - 24. Suppose 5*w = -5*v - 90, k = -v - 3*w 